+ -30. Calculate the remainder when 22 is divided by a.
2
Suppose 5*x - 10*x = -135. What is the remainder when x is divided by 7?
6
Let x(f) = -f + 4. Let c be x(0). Suppose -2*a = -8*t + 3*t + 6, -t + c = 0. What is the remainder when 19 is divided by a?
5
Suppose 3*m + m - p - 5 = 0, -25 = -3*m + 5*p. Suppose f - 45 - 14 = m. Calculate the remainder when f is divided by 20.
19
Let u(i) = -i**3 - 8*i**2 + 6*i - 17. Suppose -40 = 3*s + 2*s + 5*l, 0 = -s - 3*l - 6. Calculate the remainder when 29 is divided by u(s).
9
What is the remainder when 35 is divided by ((-16)/(-2))/(2/3)?
11
Suppose 2*s - 4*q = 26, -2*s - q + 8 = q. Let r = 8 + -14. What is the remainder when s is divided by ((-8)/5)/(r/15)?
3
Suppose 0 = -4*r + 2*o + 58, -48 = -5*r + 2*r - 3*o. Calculate the remainder when 72 is divided by r.
12
Suppose -2 = 3*l + 3*u + 7, -2*l - 2 = u. Calculate the remainder when l*9/3 - -64 is divided by 17.
16
Suppose -22*p + 17*p + 25 = 0. What is the remainder when 25 is divided by p?
0
Suppose -z + 4 = -31. What is the remainder when z is divided by (-9)/54 + 110/12?
8
Suppose 2*c + 0 = 38. Let n(l) = -l**3 + 5*l**2 - l + 3. Let f be n(6). Let j = f + 49. What is the remainder when c is divided by j?
9
Let h(l) = -l**3 + 10*l**2 + 3*l - 14. Let m be h(10). Suppose 0*c - 2*c = -m. What is the remainder when 30 is divided by c?
6
Let z = -1 + 3. Suppose 0 = 4*n - z*n - 14. Calculate the remainder when 19 is divided by n.
5
Suppose 0 = -u - 4, -3*o + 2*o = 4*u + 85. Calculate the remainder when 55 is divided by -1*4 + o/(-3).
17
Let y = 64 + -57. Calculate the remainder when 90 is divided by y.
6
Let u = -25 - -41. Let b = 65 + -59. Calculate the remainder when u is divided by b.
4
What is the remainder when 37 is divided by (12/21)/((-6)/(-105))?
7
Let v(k) = 5*k**2 + 3*k + 3. Let m be v(-2). Suppose 4*s - 2*x - x - 34 = 0, m = s - 5*x. Calculate the remainder when 27 is divided by s.
6
Suppose -3*n - 89 = -4*w, -4*w = 3*n - 8*n - 95. Suppose -l = l + 2*s - 16, 0 = 4*s - w. Suppose -3 = -o + l. Calculate the remainder when 17 is divided by o.
5
Suppose 3*u - 2*w + 23 - 91 = 0, -2*u = -w - 45. What is the remainder when 65 is divided by u?
21
Let j = -155 - -159. Let c(t) = 2*t**2 + 2*t - 2. What is the remainder when j is divided by c(-2)?
0
Suppose 0 = -5*m - 4*i + 51, -5*i + 50 = 7*m - 2*m. Let x = m + 23. Calculate the remainder when x is divided by (-18)/((6/(-4))/1).
10
Suppose 2*r + 0*r = 14. What is the remainder when r is divided by 5?
2
Suppose -4 = -3*i - 10. Calculate the remainder when 28 is divided by (-42)/(-3) + (-2)/i.
13
Let y(n) = n**3 - n**2 - 4*n - 3. Let v be y(6). Calculate the remainder when 4/(-3)*v/(-6) is divided by (-1)/3 + 230/15 + -3.
10
Suppose 8*m - 182 = -5*m. Let y = -15 - -54. Calculate the remainder when y is divided by m.
11
Let q(l) = l**2 - 3*l - 5. Let u be q(5). Suppose 5*h - 65 = -4*k + 2*k, -5*k + 75 = -u*h. Calculate the remainder when k is divided by 11.
9
Let c be (-8)/(-3) + (-2)/3. Let g = c - -11. What is the remainder when 36 is divided by g?
10
Suppose 2*u + 5 = 3*t, -2*t = -t - 3*u - 11. Let z(g) = -11*g. What is the remainder when z(t) is divided by 6?
5
Suppose 4*t + t = 3*s - 33, 2*t = -6. Calculate the remainder when (9/s)/(1/2) is divided by (-3 + 28/8)*4.
1
Suppose -p + 44 = p. Suppose n - p = -3*y, n + 1 = -4*y + 30. What is the remainder when y is divided by 3?
1
Calculate the remainder when -4 + (4 - -70*1) is divided by 9.
7
Suppose 0*a = -5*a - 15. What is the remainder when 11 is divided by 26/6 - a/(-9)?
3
Suppose 5*d - 25 = 4*d. Calculate the remainder when d is divided by (14/(-3))/(2/(-6)).
11
Suppose 496 = 2*x + 14*l - 13*l, -5*x + 1250 = 5*l. What is the remainder when x is divided by 31?
29
What is the remainder when 3 - 1/((-3)/72) is divided by 7?
6
Suppose -5*y - b + 16 = 0, 5 + 3 = y + 5*b. Calculate the remainder when (-5)/2*-2 - 1 is divided by y.
1
Let y(u) = u**3 + 4*u**2 + 4*u + 3. Calculate the remainder when 6 is divided by y(-2).
0
Suppose 0 = 2*z - 4*j + 16, 3*z - 5*j + 3*j = -4. Suppose -6*q = q - 49. Suppose q*m = -0*m + 28. What is the remainder when m is divided by z?
0
Let m(r) = 5*r**3 - 11*r**2 + 4*r + 9. Let y(n) = n**3 - n**2. Let a(g) = m(g) - 6*y(g). Calculate the remainder when 39 is divided by a(-6).
18
Let v be (40/(-3))/(1/(-3)). Suppose -3*k = -v + 16. Let q(n) = -n + 8. What is the remainder when q(-7) is divided by k?
7
Suppose j - 162 = -8*j. What is the remainder when 88 is divided by j?
16
Suppose 0 = 198*c - 201*c + 141. What is the remainder when c is divided by 26?
21
Suppose -3*s - 2*w + 14 = -s, -2*s = -4*w + 4. Let g(h) = 8*h**3 + h**2 - 2*h + 2. Let q be g(2). Calculate the remainder when q/2*s/6 is divided by 8.
6
Suppose k = -3 + 6. What is the remainder when 11 is divided by k?
2
Suppose 3*l + 4*b - 44 = 0, 0*l = -5*l + b + 58. What is the remainder when 45 is divided by l?
9
Let n = 5 + 5. Calculate the remainder when 77 is divided by n.
7
Let o(q) = q**2 + 3. Let x be o(0). Let c = x - 6. What is the remainder when 1/1*(14 + c) is divided by 4?
3
Let i(b) = b + 24. Calculate the remainder when 162 is divided by i(9).
30
Suppose -4*f + 9 = 49. Let x = f - -18. Suppose -3*k - x*v + 4*v = 14, 3*k + 2*v + 4 = 0. What is the remainder when 3 is divided by k?
1
Suppose -2*h - h = 0. Suppose 2*z - 44 - 44 = h. Suppose -z = -4*w - 2*l, -11 + 31 = 5*l. What is the remainder when w is divided by 5?
4
Suppose 2*t = -2*t. Suppose t = -k + 25. Calculate the remainder when k is divided by 14.
11
Let i = -2 - -6. Suppose 0 = -3*w + 4*w + 3*z + 23, 2*w = -i*z - 50. Let j = 60 + w. What is the remainder when j is divided by 11?
9
Let a(g) = -5*g**3 - 3*g**2 + 3. Calculate the remainder when 58 is divided by a(-2).
27
Let f(s) be the third derivative of s**6/120 + s**5/12 - 7*s**4/24 + s**3 - 3*s**2. Calculate the remainder when 47 is divided by f(-6).
11
Let z = -26 - -11. Calculate the remainder when 254/8 - z/(-20) is divided by 16.
15
Let f = 6 - 3. Suppose -g + 26 = -3*b + 10, -f*g = 3*b - 60. Calculate the remainder when 55 is divided by g.
17
Suppose -4*a + 12 = -a. Suppose a*y + 83 - 227 = 0. Calculate the remainder when y is divided by 19.
17
Suppose 3*f - 89 + 20 = 0. Let q(b) = 9*b**2 - 2*b + 1. Let p be 1/((6/(-3))/(-2)). What is the remainder when f is divided by q(p)?
7
Let y(i) = -i**3 + 8*i**2 + 10*i + 7. Calculate the remainder when 45 is divided by y(9).
13
Suppose 7*x - 48 - 78 = 0. What is the remainder when x is divided by 11?
7
Let w be 0/1 + (-4)/(-2). Suppose w*j + 0*j = 36. Calculate the remainder when j is divided by 10.
8
Suppose 2*t + 12 - 4 = 0. Let n(y) = -5*y - 4. Let v be n(-3). Let w = t + v. What is the remainder when w is divided by 3?
1
Suppose 5*s - 181 - 29 = 0. Calculate the remainder when s is divided by 2*(0 + 5) - -1.
9
Let g be 13 - 3/(-3) - 2. Suppose -r + 18 = 4*r + 2*o, g = 3*o. Calculate the remainder when 5 is divided by r.
1
Calculate the remainder when 56 is divided by 4/(-1) + -3 + 22.
11
Suppose 11 = 5*s - 44. What is the remainder when s is divided by 7?
4
Let q = 62 - 4. Let h = 34 - 14. Calculate the remainder when q is divided by h.
18
Let f = 14 - -5. Let n = f + -3. Calculate the remainder when n is divided by 6.
4
Suppose 3*v + 5*b + 73 = 0, 2*v + 2*v = 5*b - 39. Let g = -12 - v. Calculate the remainder when 14 is divided by g.
2
Suppose t - 2*j + 52 = 3*t, -3*t = -3*j - 72. Calculate the remainder when 123 is divided by t.
23
Suppose -4*i + 27 = -1. Calculate the remainder when i is divided by 5.
2
Suppose 0 = 4*i - i - 48. Let o = i - -30. Let n = o - 4. Calculate the remainder when n is divided by 22.
20
Suppose 7*l = -19 + 348. What is the remainder when l is divided by 17?
13
Suppose -5*u + 4 = 4*v - 1, -4*u - 3*v + 4 = 0. Suppose -3*k - u = -4. Calculate the remainder when k is divided by 1.
0
Let q = 46 + -36. What is the remainder when 28 is divided by q?
8
Let i be (-3)/9 + (-7)/(-3). Let b be 0/i + 2 - -2. Suppose -9*p = -b*p - 155. Calculate the remainder when p is divided by 17.
14
Let j(w) = 5*w + 8. Calculate the remainder when j(6) is divided by 4*(-4)/48*-39.
12
Let h(g) = g**3 + 11*g**2 - 16*g + 19. What is the remainder when h(-11) is divided by 49?
48
Calculate the re